ivative of -j**5/15 + j**4/24 + 124*j**2. Let h be ((-7)/6 + 1/2)*-3. Give f(h).
-14
Let n(d) = d**3 - 13*d**2 + 4. Let h be n(13). Suppose 2*b - 3 = h*f - 7, -2*b = -4. Let m = f - -6. Let p(c) = c**3 - 9*c**2 + 8*c + 6. Determine p(m).
6
Let b(l) be the third derivative of -1/6*l**3 + 1/60*l**5 + 1/8*l**4 + 0 + 0*l - 2*l**2. Let d(i) = -i**3 + 14*i**2 - 61*i + 76. Let g be d(5). Give b(g).
3
Suppose 2*f + 20 = 3*i + 4*f, -5*i = -f - 16. Suppose i*j - 2*o = 20, 5*o = -j - 5 - 1. Let g(h) = h - 9. Calculate g(j).
-5
Let h(s) = -22*s**3 + 21*s**2 + 63*s + 19. Let v(n) = 5*n**3 - 5*n**2 - 16*n - 4. Let f(a) = 2*h(a) + 9*v(a). Calculate f(6).
2
Let m(n) = 71*n - 38. Let o(q) = -20*q + 13. Let h(b) = -2*m(b) - 7*o(b). What is h(-15)?
15
Let a = -552 - -552. Let j be 1*3/9*6. Let v(m) = 6*m**2 - 4*m**j + m**3 + m - 3*m**2 - 2. Give v(a).
-2
Let d(u) = -7*u**2 + 16*u + 10. Let h(m) = -3*m**2 + 8*m + 5. Let f(w) = 2*d(w) - 5*h(w). Suppose 3*c = -v + 35, -3*c + 15 + 30 = 3*v. Determine f(c).
15
Suppose -2*l + 5 = 4*f + 55, -45 = 4*f - 3*l. Let g(i) be the third derivative of i**5/60 + 13*i**4/24 + 5*i**3/2 + 10*i**2. Give g(f).
3
Let i(u) be the third derivative of -u**4/8 - 65*u**3/3 + 8*u**2 - 8. Calculate i(-43).
-1
Let h(z) be the third derivative of 0 + 1/24*z**4 + 20*z + 1/60*z**6 + 0*z**5 + 3*z**2 + 1/3*z**3. Determine h(-2).
-16
Let q = 258 - 256. Let h(r) = -31*r + 64. Let c be h(q). Let s(x) = 17*x - 2. Give s(c).
32
Let l(i) = i + 14. Let f(o) = -o**3 + 28*o**2 + 2*o - 59. Let m be f(28). Let w(b) = 2*b + 28. Let a(n) = m*w(n) + 7*l(n). Give a(0).
14
Let t(s) = 2*s**2 + 27*s + 14. Let r be (4 - 8/16*36) + 2. Determine t(r).
-22
Let z(s) = 2*s**3 - 3*s**2 - 2*s + 4. Suppose -2*c = 2*r - 22, -3*r = -2*c + 1 - 4. Suppose -87*d + 85*d = -c. Give z(d).
25
Suppose -64*z - 29*z = -373 - 743. Let r(d) = -2*d**2 + 23*d + 9. What is r(z)?
-3
Let f(b) = -b**3 + 14*b**2 - 26*b + 17. Let r be 2/6 + (-5 - 50/(-3)). Let k be f(r). Let u(i) = -6 - 4*i + i + 3*i + 2*i. Calculate u(k).
-20
Let a(m) be the second derivative of m**5/20 - 3*m**4 - 16*m**3/3 - 185*m**2/2 + 15479*m. What is a(37)?
0
Let x(o) = -7 + 2*o + 38 - 4 - 5. Give x(15).
52
Let a(x) = x**3 + 61*x**2 - 1733*x + 228. Let v be a(21). Let d(n) = n**2 + n. Let p(h) = 2*h**2 + 1. Let i(j) = -3*d(j) + p(j). What is i(v)?
1
Let a(n) = 79*n**3 - 2*n**2 + 1. Let c be a(1). Let f = c - 38. Suppose -9*j + j = -f. Let d(x) = x**3 - 5*x**2 - x - 1. Calculate d(j).
-6
Let k = 271 - 253. Let h(r) = -5*r**2 - 2*r**2 - r - 17*r**3 + k*r**3. Determine h(7).
-7
Let l(c) be the third derivative of c**6/360 - c**5/24 + 50*c**3/3 - 40*c**2. Let s(h) be the first derivative of l(h). Give s(7).
14
Let x = -27 - -139. Let w(y) = -328*y + x*y - 11 + 110*y + 104*y. Calculate w(-13).
15
Let z(m) = -m**3 - 5*m**2 - 5*m - 3. Let l be z(-2). Let w = l + 33. Suppose -3*d = d + w. Let c(v) = v**3 + 8*v**2 + 7*v + 1. Determine c(d).
1
Let f(w) = -205*w**2 - 199*w**2 + 405*w**2 + 3 + 7*w. What is f(-3)?
-9
Let s = 137 + 75. Let k be s/12 + (-4)/(-3). Let h(z) = 42 - 21 + 0*z - z - k. What is h(6)?
-4
Let g(j) = 3*j - 3. Let b(k) be the first derivative of -k**4/4 + 4*k**3 - 10*k**2 - 6*k - 83. Let n be b(10). Give g(n).
-21
Let h = 1775 + -1763. Let q(o) = 4*o - 11. What is q(h)?
37
Suppose -4*z = 20, -h + 9*z = 4*z - 25. Let k be -2 + h - (-8 - -1). Let j(o) be the third derivative of -o**4/24 - o**3 + 2216*o**2 + 2. Calculate j(k).
-11
Let v(g) = -g. Let t(w) be the second derivative of 10*w**2 + 85*w - 2. Let r(u) = -t(u) + 2*v(u). Give r(-8).
-4
Suppose -2*m = -2*p - 4, -3*m - p + 3*p + 9 = 0. Let g(z) = -5 - z + m*z + z - 2*z. Suppose -3*a - 5 = -4*y - 12, 23 = -5*y - a. Give g(y).
-17
Let a(b) be the third derivative of -2*b**4/3 + 119*b**3/3 + 11*b**2 - 56*b. Give a(15).
-2
Let h(b) = -b - 6. Suppose 5*i = 25, 4*u + 118 = -6*i + 4*i. Let c = u - -26. Let n be 5*c/(-15)*-2. Calculate h(n).
-2
Let v(h) = -h**2 - 7*h + 18. Let n(z) = z**3 + 13*z**2 - 135*z + 26. Let f be n(-21). Let r = f - -659. What is v(r)?
10
Let k(s) = -7 + s - 6 + 2. Let p = 104 + -107. Let y be p - (-2 - -2) - (-231)/21. Give k(y).
-3
Let f(v) be the second derivative of 147*v + 1/20*v**5 - 23/2*v**2 - 3*v**3 + 0 + 4/3*v**4. What is f(-17)?
-6
Let q(o) = 3*o**3 + 2*o**2 + o. Suppose 3*x = -h + 23, 5 - 46 = -5*x - 3*h. Let t be 72/x - 6/21. Let r be (5 - t - -7)/(-2). Determine q(r).
-2
Let j(f) = 11*f**3 - 4*f**2 - 9*f - 2. Let p(m) = 7*m**3 - 3*m**2 - 6*m - 1. Let z(u) = -5*j(u) + 7*p(u). Calculate z(-1).
5
Let f be (2/3)/(24/(-18))*0. Suppose 0 = -2*h - 4, -2*p - 2*h - 3*h - 2 = f. Let s(z) = -z**3 + 4*z**2 - 2*z + 2. Give s(p).
-6
Let k(x) = -177*x + 253. Let q(f) = -18*f + 26. Let v(g) = 6*k(g) - 58*q(g). Give v(1).
-8
Let k(d) = d**3 + 6*d**2 + 6*d - 6. Suppose 15 = m - 2*z, -4*m - z = z - 10. Suppose 5*t + 1 = 3*x + 7, m*x - 9 = 2*t. Suppose -20 = 7*o - t*o. Determine k(o).
-11
Let d(m) = 5*m**2 + m - 5. Let c(n) = -14*n - 318. Let s be c(-23). What is d(s)?
79
Let j be 38/6 - (-3)/(-9). Let f be -10*1/j*-3. Let d(i) = i**3 - 3*i + 2. Let m(z) = z**2 + z. Let c(l) = d(l) - 4*m(l). Give c(f).
-8
Let a be (-3040)/(-100) + (2/(-5) - 0). Suppose -a*j - 140 - 190 = 0. Let c(l) = -l - 3. Determine c(j).
8
Let i(u) = -u**3 + 3*u + 10. Let r be i(0). Let a(d) be the first derivative of d**3/3 - 5*d**2 - 12*d - 861. Determine a(r).
-12
Let j(z) = 78 + 5*z + 52 - 207 + 41. What is j(8)?
4
Let f(p) = 18*p**2 + 10*p - 8. Let l be f(4). Suppose 355 = 5*x + l. Let r(y) = y - 2. Determine r(x).
5
Let n(j) = -3*j + 264. Let p(m) = 11*m - 736. Let u(q) = 11*n(q) + 4*p(q). Give u(4).
4
Suppose 3*m + 26 = 4*k, -12 = 2*k - 4. Let n(a) = 3*a + 39. Let l be n(m). Let j(g) = -g**2 + 4*g + 3. Calculate j(l).
-18
Let v(w) = -w**2 - 2*w - 1. Suppose 2*q - 12 = 32. Suppose -2*f + 3*b = 0, 2*f + 5*b = 6 - q. Calculate v(f).
-4
Let r = -29 + -10. Let q = 39 + r. Let i(g) = q*g - 5 + 2 - 1 - g. Calculate i(5).
-9
Suppose 1 = -o - 6. Let l(c) = 3*c + 2052. Let v(i) = 7*i + 5122. Let t(h) = 5*l(h) - 2*v(h). Give t(o).
9
Suppose -l + 2*r = -12 - 1, -2*l - r + 11 = 0. Let h(t) = -1293*t - 17. Let z(y) = 808*y + 11. Let o(u) = -5*h(u) - 8*z(u). What is o(l)?
4
Let i be 11 - 15/5 - (1 + 1). Let q(x) = -18 + i*x + 10 + 0 + 11. What is q(-2)?
-9
Let u(v) = v**2 - 1. Let c be 6/(-9) - (1 + 98/6). Let a be c*((-4)/(-14))/(9/(-21)). Suppose m - a = -13. Calculate u(m).
0
Suppose -21 = -3*q - 3*t, 5*q = 6*q - 5*t + 17. Suppose -q*j - 2 = -8. Suppose -5*h - 19 = -2*x - 1, 0 = 2*h + j*x + 10. Let b(s) = -s - 1. Calculate b(h).
3
Let y(i) = -i**2 + 5*i. Let d = -7 + 9. Let b be 3/(-6) + 63/d. Suppose -6*f + b = -5. Determine y(f).
-6
Let u(s) = s**3 + 4*s**2 + 7*s. Suppose -5*g = 33 - 18. Calculate u(g).
-12
Let s(g) = g**3 - g**2 - g + 3. Let h be s(0). Let m be 30/45*111/2. Let c(i) = 2*i - 39 + m + 0*i - h*i. Calculate c(-1).
-1
Let l(b) = -5*b**3 + 33*b**2 + 10*b - 13. Let h(a) = a**3 - 7*a**2 - a - 1. Let g(u) = -4*h(u) - l(u). Determine g(6).
17
Suppose -17*j - 14 = -2*j - 119. Let y(r) = -4*r**2 + 15*r + 4. Determine y(j).
-87
Let x(z) = z**2 - 5*z + 6. Let o be x(4). Let f(a) = a**3 - 6*a**2 + 12*a - 5. Let c be f(2). Let r(k) = 6*k**o - 4*k - c - 3*k + 4*k. Calculate r(-2).
27
Let a(q) = -q**3 + 4*q**2 - 2*q + 1. Let o be a(3). Let h(c) = o*c**2 - 6*c**2 + 2*c - 5*c**2 + c**3 - 8. Let p = -6781 + 6788. What is h(p)?
6
Let n(c) be the second derivative of c**5/120 + 13*c**3/3 + c**2 - 229*c. Let k(h) be the second derivative of n(h). What is k(-5)?
-5
Let d be 22 - ((-66)/(-11) - -4). Let m(b) = 2147 - 2129 - 2*b + 0*b. Determine m(d).
-6
Let j(i) = -2*i - 10. Let g(v) = -6*v - 29. Let n(c) = -4*g(c) + 11*j(c). Suppose -4*m + 587 = -3*h, m - 68 = -4*h + 93. Suppose 5*k - 124 = -m. What is n(k)?
-4
Let a(p) = p**2 - 10*p + 25. Suppose -167*k + 97*k + 280 = 0. What is a(k)?
1
Let o(n) = -5*n**2 + 8 - 6*n**2 - 9*n + 9*n**2 + n**2 - n**2. Give o(-8).
-48
Let i be (616/(-12))/(-14)*3. Let z(x) = 35*x - 382. Give z(i).
3
Let b(s) = -35*s**2 + 0 - 3 - s + 1 - 14*s**2 + 51*s**2. Suppose -2*m - m + 6 = 0. Determine b(m).
4
Let t be (22/(-6))/(2/6). Let j(g) be the second derivative of -g**3/2 - 14*g**2 - 12498*g - 1. Give j(t).
5
Let x(a) = -29*a - 23. Suppose 4*s - 3*y + 17 = 31, 